 7.
7
Let k = 4497 - 3366. Calculate the highest common factor of k and 435.
87
Let d(i) = 3*i**3 + 33*i**2 - 9*i + 12. Let x be d(-8). Calculate the greatest common factor of 160 and x.
20
Let b(q) = q**3 - 15*q**2 + 4*q - 5. Let l be b(15). Suppose -4*f + 4*y + 25 = -l, 4*f + 4*y - 80 = 0. Calculate the highest common factor of f and 12.
4
Suppose -g = 3*g - 160. Suppose -8*r = 9*r - 408. Suppose r*s - 27*s + 24 = 0. Calculate the highest common divisor of g and s.
8
Let n(v) = -v**3 + 14*v**2 + 22*v - 104. Let l be n(15). What is the highest common divisor of 359 and l?
1
Suppose -4*r + 5*r - 192 = 0. Let v(g) = 2*g**3 - 102*g**2 + 528*g - 16220. Let j be v(49). Calculate the greatest common factor of j and r.
48
Let d = -202 + -186. Let q = d + 391. Calculate the greatest common divisor of q and 201.
3
Let a = -3216 + 3370. What is the highest common factor of a and 286?
22
Let u be (-1 - -5) + 12 + (-4 - 4). Suppose -u*a + 266 = 170. What is the greatest common divisor of a and 12?
12
Let u(m) = 60*m - 22. Let q be u(-4). Let i = q + 291. What is the greatest common divisor of 29 and i?
29
Let s = -11 + 20. Let h(v) = -7*v + 61. Let c be h(11). Let q be 2*1 + 4/c*-16. What is the highest common divisor of q and s?
3
Let b be (-100)/(-325)*(-234)/(-6). What is the greatest common factor of b and 147?
3
Let y = -256 + -567. Let z = 847 + y. Let v(u) = -u**3 - 6*u**2 - u + 6. Let o be v(-6). What is the highest common factor of o and z?
12
Suppose -51*l = 21*l - 2704 - 1904. Suppose -3*s + 643 = 4*h, 3*h + 3*s - 484 = -s. Calculate the greatest common divisor of h and l.
32
Let f(a) = 2*a**2 + 29*a - 2941. Let x be f(-59). Calculate the greatest common divisor of x and 4950.
330
Let k be (-2 - 7)/((-72)/(-168) + 177/(-406)). Calculate the greatest common divisor of 462 and k.
42
Suppose 10*y + 4 = 24. Suppose 2*u - 2*q = 78, -y*u - u + q = -123. Calculate the highest common divisor of u and 30.
6
Suppose 0 = -8*d - 30*d - 38. Let a be 543 + ((-20)/(-4))/d + 6. What is the greatest common divisor of a and 68?
68
Let l(j) = 11 + 36 + 4*j - 11 + 30. Let w be l(15). Calculate the highest common factor of 42 and w.
42
Let t be (-4)/9 + (-1960)/(-360). Let a be 1 + (t - 2) - (-16)/2. Calculate the greatest common divisor of 16 and a.
4
Let c = -53 + 98. Suppose 404 = u + 4*v, 4*u - 4571*v - 1495 = -4576*v. Calculate the greatest common factor of u and c.
45
Suppose 0 = 14*t - 224 - 1008. Calculate the highest common factor of t and 16.
8
Let r(y) = 58*y**2 - 188*y + 54. Let l be r(8). Let i = -2 - -2. Suppose -8*d + l + 298 = i. What is the greatest common divisor of d and 40?
40
Suppose 250*o - 255*o + 5*h = -265, -147 = -3*o - 3*h. Calculate the greatest common divisor of o and 5559.
51
Let b be (39 - (-4 + 1))*(-108)/(-21). Let z(v) = -4*v. Let x be z(-12). Calculate the greatest common divisor of b and x.
24
Suppose 2*m - 3*i = -3*m + 29, 2*i = 4. Suppose -52 = -m*d + 5*d. Let v = 56 - d. What is the greatest common factor of 40 and v?
10
Let c be (-8)/3*(-15)/(-10). Let h(w) = -3*w**3 - 8*w**2 - 8*w. Let j be h(c). Calculate the greatest common factor of j and 32.
32
Let d be 4 + (-3 - -2 - 1). Suppose d*m - 183 = 75. Let l = m - 114. What is the highest common factor of 15 and l?
15
Let y = 4662 - 3128. Calculate the highest common divisor of 52 and y.
26
Let q(h) = h**3 + 11*h**2 + 15*h - 13. Let m be (-4 + 60/9)*21. Suppose -43 = 11*a + m. Let k be q(a). Calculate the greatest common divisor of k and 35.
7
Let a = -246 - -250. Suppose -a*y = -98 - 42. Let p = -6 - -13. What is the greatest common factor of p and y?
7
Let v(j) = 4*j**2 - 6*j + 6. Let z be v(1). Suppose 0 = 4*o + 3*w - 68, 0*o + 2*o + 2*w - 36 = 0. What is the greatest common factor of o and z?
2
Suppose 0 = -5*g + t - 348, -5*t = -3*g - 89 - 133. Let b = -87 - g. Let p be b*(0 - (-4)/(-6)). What is the highest common divisor of 9 and p?
3
Let q(p) be the first derivative of -p**3/3 + 5*p**2/2 + 11*p + 17. Let n be q(5). Suppose -23 = t - 100. Calculate the highest common factor of n and t.
11
Suppose 4*h + t - 162 = 0, -2*t + 3*t + 158 = 4*h. Suppose -7*z + 2*z = -h. Suppose -3*j + 28 = -68. What is the greatest common divisor of z and j?
8
Suppose -c = -4*u - 112, 308 = -11*c + 14*c + 2*u. Calculate the highest common divisor of 128 and c.
8
Let g(d) = -d**3 - 10*d**2 - d - 3. Suppose 25*a + 108 + 217 = 0. Let n be g(a). What is the highest common divisor of 94 and n?
47
Suppose 7*q - 12*q = -2*t + 1346, -t + 4*q + 676 = 0. Suppose 4*c = 4*g + t, 3*g + 63 - 222 = -c. Calculate the greatest common factor of c and 22.
11
Suppose -78*k + 80*k = 1808. Let q = k - 877. Suppose -2*i + 540 = 3*i. Calculate the highest common factor of i and q.
27
Let q be -4 + 1 - 29/(-1). Suppose 242 = q*f - 24*f. Suppose -338 - f = -9*l. What is the highest common divisor of l and 85?
17
Let d be -24*4/6*15/(-10). Let m(c) be the third derivative of -19*c**4/24 + 17*c**3/6 - c**2. Let r be m(-13). What is the greatest common divisor of d and r?
24
Let d(v) = 8*v**2 - 185*v + 985. Let a be d(8). What is the highest common divisor of 42602 and a?
17
Suppose -45 = -3*i - 3*c, 8*i - 4*c - 102 = 3*i. Suppose 5*s + 4*g = 3*g + 97, -48 = -3*s - 4*g. Let y = s + -2. What is the highest common divisor of y and i?
18
Let v(i) = 31*i - 38. Let y be v(3). What is the greatest common divisor of y and 22?
11
Let b(u) = -27*u**2 + 6*u - 15. Let x(p) = -2*p**2 + p - 1. Let c(y) = -b(y) + 12*x(y). Let s be c(-3). Calculate the highest common factor of s and 54.
6
Suppose 7 = 3*i + 19. Let n be (4 + -3)*-1*(8 - -1). Let w be 244 - (n + 8)/(2/i). What is the highest common divisor of 22 and w?
22
Suppose -74*k + 5*i = -73*k - 3630, 7260 = 2*k + 2*i. Calculate the greatest common factor of 462 and k.
66
Let t(h) = -3*h**2 + 25*h - 6. Let c be t(8). Suppose 21*w - 16*w = -3*o + 276, 0 = -5*w - c*o + 279. What is the highest common factor of w and 285?
57
Let a(r) = -r**2 - 79*r - 760. Let i be a(-32). Calculate the highest common factor of i and 341.
31
Suppose -k + 126 = -4*k. Let j = k - -38. Let q be (-193)/(-4) + ((-5)/j)/(-5). What is the greatest common factor of q and 60?
12
Let y(u) be the first derivative of u**4/4 - 31*u**3/3 + 19*u**2 + 72*u - 5. Let q be y(30). What is the greatest common factor of q and 39?
39
Suppose -5*h = 15, -5*g - 182 + 177 = 5*h. What is the greatest common factor of g and 842?
2
Let j = 2 + 0. Let i(u) = u**3 - u**2 - 2*u + 4. Let h be i(2). Suppose b + 31 = 2*a - h*b, 5*a - 37 = -b. What is the greatest common factor of a and j?
2
Let i = 2062 + -1966. Calculate the highest common divisor of 60 and i.
12
Let a(n) = 14*n - 11. Let f be a(-14). Let z be 584/18 - (-92)/f. What is the greatest common factor of z and 48?
16
Let s be (0 - 8)/((-2)/10). Let a be (4 - 56/6)/(10/(-45)). Let z(g) = 12*g - 8. Let u be z(a). Calculate the greatest common factor of u and s.
40
Let l = 130 - 106. Suppose 0 = -16*o - l*o + 40. Let n(d) = -2*d - 1. Let z be n(-3). What is the greatest common divisor of z and o?
1
Let x be ((-504)/54)/14*(-12 - 0). Calculate the highest common divisor of 1384 and x.
8
Suppose 4*b - 1 - 51 = 0. Let o(k) = 4*k + 6. Let x be o(-3). Let t be (-704)/x + 27/(-81). What is the greatest common factor of b and t?
13
Let d be ((-2)/(-7) - (-58)/(-56))*(-173040)/1260. Calculate the greatest common factor of 9 and d.
1
Suppose 4*q - 14 = 2*s, 4*s - 38 = -0*q - 3*q. Suppose 0 = -i, 5*l + q*i = 7*i + 2805. What is the highest common divisor of 33 and l?
33
Suppose -1663*v - 88 = -2*s - 1667*v, s + v - 47 = 0. Calculate the highest common divisor of s and 8725.
25
Suppose -5998 = -4*v - 2949 + 6051. Calculate the highest common factor of v and 390.
65
Let h = -11649 - -11665. Calculate the highest common factor of 1264 and h.
16
Let b = -3541 + 22813. Calculate the highest common divisor of b and 33.
33
Suppose 0 = 24*m - 4715 - 3493. What is the greatest common divisor of m and 722?
38
Suppose -28*n = 5*g - 23*n - 1470, n = -4*g + 1194. What is the greatest common divisor of g and 735?
15
Let x be 2*(57 - 4)*((-558)/4)/(-3). What is the highest common divisor of x and 31?
31
Let q(x) = -18*x + 1. Let g be q(2). Let t = -1694 - -1657. Let u = g - t. What is the highest c